 Let v be 33/(-9) - 1/3. What is the remainder when 35 is divided by u(v)?
5
Suppose 24*i + 2*i = 1768. Calculate the remainder when i is divided by 45.
23
Let s(d) = -d**2 + 3*d + 4. Let k be s(4). Suppose -3*v + 2*h + 63 = -0*v, k = -2*v + h + 42. Calculate the remainder when v is divided by 4.
1
Suppose 13 = 4*u - k, -8 = -4*u + 3*k + 15. Let w(n) = 4*n**2 - n + 2. What is the remainder when w(-2) is divided by -7*(u - (3 - 0))?
6
Let q = 864 + -804. What is the remainder when q is divided by 4?
0
Calculate the remainder when 1219 is divided by 9 - (-5 + 14 + -94).
91
Suppose -593 - 37 = 15*p. Let i = 50 + p. Calculate the remainder when 28 is divided by i.
4
Let y(p) = p**2 - 8*p - 13. Let j be y(9). Let d = 7 + j. Suppose -d*b - 2*o = -92 - 26, 4*b - 5*o - 188 = 0. Calculate the remainder when b is divided by 11.
9
Suppose 3*g - 3*t = -168, 4*g + 75 = -5*t - 149. What is the remainder when 44 is divided by 322/g*(-5 + 1)?
21
Suppose 94 = 5*i + 5*d - d, -d - 48 = -2*i. Calculate the remainder when i is divided by 6.
4
Let v(g) = 5*g + 8. Let w be v(5). What is the remainder when 34 is divided by 6/w - (1 + (-75)/11)?
4
Let q be (0 + (-2)/4)*(10 + -68). Let m = 49 - q. Let g(t) = -7*t**3 - 2*t - 3. Calculate the remainder when g(-2) is divided by m.
17
Let f = 1421 + -1083. Calculate the remainder when f is divided by 114.
110
What is the remainder when 766 is divided by 11/(99/(-648))*5/(-15)?
22
Suppose 25 = 5*f - 3*x, -f = 3*x - 6 + 1. Calculate the remainder when 403 is divided by f.
3
Suppose -19 = -4*o + 29. Suppose -6*m + 4*m = -o. Let j = 34 - m. Calculate the remainder when 54 is divided by j.
26
Let a(f) = 4*f + 7. Let u be a(-6). Let c = -10 - u. Suppose 0 = -g - 3*v - 6, 3*g - 6*g - 4*v = -c. What is the remainder when 32 is divided by g?
5
Let o(g) = g**3 + 7*g**2 + 7*g + 5. Let j be o(-6). Let b = -157 + 163. What is the remainder when b is divided by (j + 0)/(-7 + 6)?
0
Suppose 120 = -w + 2*w + 4*p, 5*w + 2*p - 654 = 0. Let b(o) = -o**3. What is the remainder when 6/(-4)*w/(-9) is divided by b(-2)?
6
Suppose -4 + 17 = v. Let h(o) = 3 + 4 + 0 - 8 + 2*o**2 - 36*o**3. Calculate the remainder when h(-1) is divided by v.
11
Suppose 2*h + 43 = 3*z - 43, 0 = -5*z + 2*h + 146. What is the remainder when 209 is divided by z?
29
Suppose -2*k - 4*i - 12 = 2*k, 4*k - 4*i - 12 = 0. Suppose -3*b = -5*y - k*y + 393, -4*y - 3*b = -309. What is the remainder when y is divided by 27?
24
Let c(f) = -f**3 + 8*f**2 - 7*f + 2. Let d be (2 - 1)/((-20)/24 - -1). Calculate the remainder when 62 is divided by c(d).
30
Let m(f) = f**3 + 5*f**2 - 6*f + 8. Suppose 9*t + 0*t = 297. Calculate the remainder when m(4) is divided by t.
29
Let d(o) = -95*o - 316. Calculate the remainder when d(-4) is divided by 15.
4
Suppose 98 = -8*f + 874. What is the remainder when 298 is divided by f?
7
Suppose 4*p - 14 - 26 = -4*m, -m + 5 = -4*p. What is the remainder when 33 is divided by m?
6
Suppose -3*z + 2 = 50. Suppose 0 = 5*d + 2*g - g - 252, 5*d - 256 = -3*g. Let b = z + d. Calculate the remainder when b is divided by 12.
10
Let p be (1/(2/(-6)))/(8/(-56)). Suppose 14*y = p*y - 266. What is the remainder when y is divided by 13?
12
Let u be (-2)/(-14) + (-3200)/(-140). Suppose 0 = -u*f + 24*f - 14. Calculate the remainder when 45 is divided by f.
3
Suppose 6*x - 338 = -134. Calculate the remainder when x is divided by 25.
9
Let v = -10 - -16. Let p(q) = q**3 - 6*q**2 + q + 3. Suppose -o = 2*w + 4*o - 32, -5*w + 10 = -5*o. What is the remainder when p(v) is divided by w?
3
Suppose 0 = -3*p - 2*i + 177, -3*i + 273 - 93 = 3*p. Calculate the remainder when p is divided by 5.
2
Let a(h) = -1. Let b(r) = 18*r + 2. Let k(f) = 5*a(f) - b(f). What is the remainder when k(-3) is divided by 3?
2
Let w(n) = 5*n**2 - 20*n + 21. What is the remainder when 78/1 - (-9 - -6) is divided by w(1)?
3
Suppose -3*o = -73 - 107. Suppose i = 5*i - o. What is the remainder when (-96)/(-3) - 3/1 is divided by i?
14
Let d(p) = p**3 + 13*p**2 - 16*p - 19. Let y be d(-14). Let q = 7 - y. What is the remainder when 4 is divided by -3*(2 - 0)/q?
1
Suppose -p - 4*q + 1 = 0, 2*q = -5*p + q + 5. Let m(r) = 8*r - 1. Calculate the remainder when m(1) is divided by (6 - 0)/p + -1.
2
Let v(f) = -f**2 - 17*f + 5. What is the remainder when v(-10) is divided by 7?
5
Let a = 1280 - 1267. Let d = 0 - 3. Calculate the remainder when a is divided by (-3)/d + (8 - 1).
5
What is the remainder when (5649/28)/(-3 + (-90)/(-24)) is divided by 71?
56
Let u = -18 - -21. Let i be u - (6 - -1) - -3. Calculate the remainder when i - -45 - (-7 + 5) is divided by 7.
4
Suppose s - 9 = -g - 2*s, -s = 3*g - 67. What is the remainder when (-354)/(-9)*(-3)/(-1) is divided by g?
22
Suppose -18 = -2*l + 18. Suppose -3*h = 2*q - 162, h - 79 + 20 = q. What is the remainder when h is divided by l?
2
Suppose -15*g + 40 = -14*g. Suppose g*l = 41*l - 26. Calculate the remainder when 73 is divided by l.
21
What is the remainder when 6 - (-5 - (-1 + 11)) is divided by 12?
9
Let j(u) = 3*u - 18. What is the remainder when 109 is divided by j(9)?
1
Let g = -924 + 1433. What is the remainder when g is divided by 17?
16
Let q = 1228 - 1215. Suppose -5*y + 180 = -y. Calculate the remainder when y is divided by q.
6
Suppose -147 = -16*t - 3. Calculate the remainder when t is divided by 3.
0
Suppose -5*a - 4*c + c = -382, 0 = 4*a - 4*c - 280. Suppose -x = 5*t - 51, -t - 5*x - 9 = -0*x. Calculate the remainder when a/4 + (-2)/(-4) is divided by t.
8
What is the remainder when 54 is divided by ((-343)/98)/(1/(-6))?
12
Suppose 358 = 3*r - 2*r. Let a = r + -201. Calculate the remainder when a is divided by 32.
29
Suppose -2*j + 297 = 5*m, 0 = 4*j + m + 136 - 775. What is the remainder when j is divided by 76?
9
Let l be 49/1 + -3 + 0. Suppose -z = 3*j - l, -201 + 24 = -4*z - 5*j. Calculate the remainder when z is divided by 9.
7
Let o(l) = l**3 - 11*l**2 - l + 25. What is the remainder when 181 is divided by o(11)?
13
Suppose -1547 + 483 = -38*f. What is the remainder when f is divided by 13?
2
Let o(f) = -2*f - 5. Let g(h) = h**2 - 14*h + 24. Let p be g(12). Let t = p - 7. Calculate the remainder when 16 is divided by o(t).
7
Suppose -3*x - 180 = -17*x - x. Let h = -92 + 186. Calculate the remainder when h is divided by x.
10
Let b = -65 - -68. Suppose -19 = -b*w - 0*v + v, -5*v = -5*w + 25. Calculate the remainder when 61 is divided by w.
5
Let o(m) = 2*m + 20. Suppose 5 = -2*y + 23. What is the remainder when 3/y*3 - -5 is divided by o(-9)?
0
Suppose 4*z - 2*b = 48, 0*b - 48 = -4*z - b. Calculate the remainder when 191 is divided by z.
11
Let d(s) = 0*s - 7*s + 2*s**2 + 8*s**2 + 12 - 3*s - s**3. Let w be d(9). Suppose -w*y - y = -184. Calculate the remainder when y is divided by 16.
14
Suppose -l = 2*j + 2*l - 95, l + 1 = 0. Calculate the remainder when 192 is divided by j.
45
Let v = 969 + -709. What is the remainder when v is divided by 68?
56
Suppose -4*u + 37 = -g, -4*u = u + 5*g - 40. Calculate the remainder when u is divided by 5 + 0 + 1 + -1.
4
Let b = 49 + -34. Suppose m = 3*u - 70, -m - 5*u - 195 = m. Let p = -41 - m. Calculate the remainder when p is divided by b.
14
Suppose 5*n = 41 + 124. Let y(i) = -i**2 - 7*i. Let p be y(-7). Suppose p = 4*v + 12 - 40. Calculate the remainder when n is divided by v.
5
Suppose -32 = -2*z + 6*z. Let l = z + 8. Suppose 10 = x - 4*t - 13, 4*x + t - 58 = l. What is the remainder when 58 is divided by x?
13
Calculate the remainder when 2/6*141/(-94)*-328 is divided by 20.
4
Let z = -48 + 28. Let o be -3*(z/6)/2. Suppose 3*m = 7*m - o*v - 142, 160 = 4*m + 4*v. What is the remainder when m is divided by 13?
12
Let c(k) = -9*k - 33. Let h(b) = -22*b - 3. Calculate the remainder when h(-2) is divided by c(-6).
20
Suppose 2*r = 6 + 6. Let c = r + 4. What is the remainder when 49 is divided by c?
9
Let r be ((-18)/2)/(1/8). Let q = r + 105. Calculate the remainder when q is divided by 17.
16
Suppose -8*j + 47 + 345 = 0. Calculate the remainder when j is divided by 37.
12
Suppose -17 = -a + 66. Calculate the remainder when a is divided by 10.
3
Let u(n) = 8*n**2 - 153*n + 38. Suppose -16 = -3*w + 5. Calculate the remainder when u(19) is divided by w.
5
Suppose 31*o - 968 = -5*d + 27*o, 0 = 5*d - 5*o - 9